se 16
-3
Convert 1 (base 12) to base 8.
1
1001 (base 2) to base 4
21
Convert -2b (base 12) to base 14.
-27
What is -1 (base 5) in base 11?
-1
5e (base 15) to base 16
59
What is -222 (base 6) in base 12?
-72
Convert -8 (base 16) to base 4.
-20
-51 (base 10) to base 15
-36
Convert -2 (base 7) to base 10.
-2
12 (base 9) to base 6
15
What is 12 (base 14) in base 16?
10
Convert 134 (base 9) to base 14.
80
Convert -31 (base 8) to base 7.
-34
What is -b (base 12) in base 16?
-b
16 (base 12) to base 6
30
Convert -1011 (base 3) to base 5.
-111
-2 (base 16) to base 2
-10
Convert 335 (base 6) to base 14.
95
Convert -233 (base 5) to base 11.
-62
12 (base 13) to base 9
16
-225 (base 6) to base 9
-108
Convert 1 (base 10) to base 11.
1
4 (base 14) to base 8
4
What is 3 (base 7) in base 10?
3
What is -64 (base 10) in base 2?
-1000000
Convert 1001111 (base 2) to base 15.
54
What is 3 (base 4) in base 10?
3
Convert -20 (base 6) to base 12.
-10
What is -25 (base 8) in base 16?
-15
-10000111 (base 2) to base 5
-1020
Convert 1 (base 12) to base 4.
1
Convert 10 (base 4) to base 6.
4
What is 12 (base 5) in base 4?
13
21 (base 6) to base 5
23
What is -1 (base 4) in base 16?
-1
Convert -1a0 (base 14) to base 10.
-336
What is -14 (base 6) in base 14?
-a
What is -233 (base 8) in base 16?
-9b
Convert -4 (base 6) to base 10.
-4
What is 1 (base 4) in base 6?
1
Convert 1 (base 13) to base 8.
1
Convert 105 (base 6) to base 4.
221
Convert 271 (base 8) to base 12.
135
Convert 3 (base 12) to base 10.
3
Convert -2b (base 16) to base 8.
-53
-3 (base 15) to base 14
-3
What is 0 (base 6) in base 12?
0
What is 5 (base 14) in base 6?
5
What is 334 (base 5) in base 3?
10111
4 (base 7) to base 3
11
What is 71 (base 8) in base 7?
111
-2 (base 9) to base 2
-10
What is -122 (base 3) in base 14?
-13
What is -22 (base 16) in base 8?
-42
0 (base 6) to base 9
0
Convert 39 (base 15) to base 5.
204
Convert -8a (base 11) to base 4.
-1202
What is -13 (base 8) in base 2?
-1011
Convert 0 (base 9) to base 4.
0
21 (base 3) to base 15
7
7d (base 16) to base 6
325
What is -4 (base 10) in base 2?
-100
What is 10 (base 5) in base 2?
101
Convert -2 (base 9) to base 12.
-2
Convert 110 (base 2) to base 6.
10
-171 (base 13) to base 11
-218
-11 (base 9) to base 14
-a
3 (base 8) to base 15
3
What is 1 (base 11) in base 2?
1
What is 18 (base 10) in base 8?
22
Convert 2 (base 3) to base 11.
2
Convert 4 (base 11) to base 16.
4
What is 101 (base 3) in base 8?
12
Convert -8d (base 15) to base 7.
-250
What is 5 (base 7) in base 15?
5
What is -5 (base 8) in base 11?
-5
What is -1 (base 13) in base 5?
-1
What is 101 (base 2) in base 3?
12
20 (base 4) to base 8
10
2 (base 8) to base 5
2
Convert -64 (base 11) to base 6.
-154
What is 2 (base 5) in base 14?
2
Convert -28 (base 16) to base 6.
-104
Convert 33 (base 7) to base 5.
44
Convert 113 (base 10) to base 14.
81
Convert -e (base 15) to base 13.
-11
Convert 33 (base 4) to base 3.
120
Convert 28 (base 10) to base 9.
31
Convert -4 (base 8) to base 13.
-4
What is 3032 (base 4) in base 2?
11001110
Convert 211 (base 10) to base 13.
133
1022 (base 4) to base 6
202
1011 (base 2) to base 16
b
What is 0 (base 11) in base 7?
0
-2 (base 8) to base 7
-2
Convert 3 (base 13) to base 15.
3
Convert 7 (base 12) to base 11.
7
Convert -a (base 16) to base 11.
-a
What is -122 (base 3) in base 8?
-21
-119 (base 12) to base 16
-a5
Convert -2 (base 4) to base 6.
-2
1 (base 8) to base 9
1
What is 9 (base 14) in base 7?
12
-25 (base 7) to base 16
-13
211 (base 7) to base 6
254
Convert c (base 16) to base 13.
c
Convert -107 (base 13) to base 11.
-150
Convert -11 (base 2) to base 11.
-3
Convert 272 (base 8) to base 2.
10111010
Convert -1000 (base 2) to base 16.
-8
What is -31 (base 8) in base 11?
-23
-4 (base 7) to base 2
-100
0 (base 13) to base 14
0
What is 10 (base 5) in base 11?
5
What is 2 (base 16) in base 7?
2
31 (base 7) to base 6
34
-b (base 16) to base 5
-21
Convert 102001 (base 3) to base 6.
1214
Convert -10 (base 5) to base 2.
-101
1 (base 12) to base 16
1
Convert 222 (base 6) to base 14.
62
382 (base 9) to base 8
475
What is -2 (base 16) in base 5?
-2
21 (base 11) to base 12
1b
What is -3 (base 8) in base 11?
-3
-102 (base 3) to base 16
-b
32 (base 6) to base 3
202
8 (base 11) to base 14
8
What is 210 (base 5) in base 4?
313
What is -1 (base 13) in base 16?
-1
-12 (base 4) to base 8
-6
What is 8 (base 9) in base 2?
1000
Convert 304 (base 8) to base 2.
11000100
5 (base 13) to base 5
10
Convert -5c (base 16) to base 2.
-1011100
What is -a (base 16) in base 2?
-1010
What is 4 (base 15) in base 14?
4
Convert 16 (base 16) to base 2.
10110
What is 26 (base 10) in base 12?
22
Convert 0 (base 14) to base 4.
0
-21 (base 3) to base 15
-7
What is -32 (base 7) in base 16?
-17
11 (base 3) to base 6
4
Convert -21 (base 5) to base 4.
-23
-18 (base 14) to base 7
-31
What is 10 (base 14) in base 16?
e
Convert 22 (base 5) to base 10.
12
What is -2 (base 7) in base 10?
-2
What is -3 (base 11) in base 4?
-3
-11 (base 9) to base 3
-101
-10111 (base 2) to base 14
-19
What is -4 (base 5) in base 10?
-4
Convert -185 (base 12) to base 6.
-1045
What is -50 (base 13) in base 6?
-145
3 (base 5) to base 6
3
What is -1 (base 12) in base 2?
-1
Convert -5 (base 7) to base 11.
-5
What is -134 (base 11) in base 8?
-236
Convert -282 (base 9) to base 11.
-1a5
What is 12 (base 12) in base 9?
15
Convert -12 (base 9) to base 13.
-b
-10101100 (base 2) to base 3
-20101
1211 (base 3) to base 7
100
What is -100 (base 2) in base 8?
-4
What is -53 (base 6) in base 12?
-29
What is 100 (base 3) in base 13?
9
-110 (base 2) to base 7
-6
What is -94 (base 10) in base 4?
-1132
Convert -1001 (base 2) to base 4.
-21
26 (base 7) to base 11
19
Convert 0 (base 14) to base 7.
0
Convert 20 (base 15) to base 4.
132
What is 11 (base 10) in base 9?
12
11 (base 6) to base 15
7
What is 1010 (base 2) in base 4?
22
What is -2 (base 10) in base 4?
-2
0 (base 4) to base 13
0
What is d (base 16) in base 7?
16
94 (base 15) to base 14
9d
Convert 10 (base 6) to base 4.
12
Convert -24 (base 10) to base 6.
-40
What is 56 (base 12) in base 15?
46
32 (base 14) to base 15
2e
What is 12 (base 11) in base 2?
1101
Convert -2 (base 13) to base 5.
-2
2 (base 8) to base 13
2
Convert 11022 (base 3) to base 11.
a6
What is -5 (base 10) in base 6?
-5
4 (base 12) to base 14
4
What is 0 (base 15) in base 6?
0
Convert 101 (base 3) to base 14.
a
Convert 111011 (base 2) to base 5.
214
What is -3 (base 14) in base 12?
-3
What is 0 (base 6) in base 7?
0
Convert 0 (base 10) to base 4.
0
What is -a (base 15) in base 6?
-14
What is 102 (base 3) in base 13?
b
Convert -431 (base 7) to base 14.
-118
-5 (base 14) to base 15
-5
11 (base 4) to base 16
5
Convert 1 (base 9) to base 4.
1
What is 20 (base 6) in base 10?
12
-8 (base 14) to base 6
-12
What is -1 (base 8) in base 15?
-1
-11 (base 10) to base 15
-b
-39 (base 14) to base 16
-33
-11 (base 5) to base 4
-12
2d (base 14) to base 13
32
What is -53 (base 8) in base 9?
-47
5c (base 14) to base 15
57
Convert -165 (base 7) to base 3.
-10120
Convert -20 (base 4) to base 5.
-13
What is -116 (base 8) in base 14?
-58
-218 (base 14) to base 5
-3124
What is 22 (base 15) in base 5?
112
What is 30 (base 8) in base 3?
220
Convert 0 (base 13) to base 6.
0
What is 334 (base 11) in base 2?
110010000
-316 (base 7) to base 10
-160
Convert 20 (base 4) to base 3.
22
What is -22 (base 11) in base 13?
-1b
-a (base 14) to base 3
-101
21 (base 16) to base 7
45
Convert -6 (base 16) to base 5.
-11
What is 1 (base 3) in base 4?
1
-19 (base 10) to base 7
-25
2 (base 8) to base 13
2
What is -56 (base 13) in base 3?
-2122
Convert -1 (base 4) to base 8.
-1
Convert 0 (base 13) to base 7.
0
-1000110 (base 2) to base 11
-64
Convert -268 (base 10) to base 3.
-100221
Convert -2 (base 9) to base 16.
-2
1101110 (base 2) to base 3
11002
What is 31 (base 9) in base 10?
28
11 (base 2) to base 7
3
What is 7 (base 11) in base 14?
7
What is 10100 (base 2) in base 6?
32
Convert 3 (base 10) to base 3.
10
-1 (base 14) to base 12
-1
Convert 102 (base 3) to base 13.
b
Convert 84 (base 16) to base 13.
a2
What is -4 (base 15) in base 9?
-4
29 (base 11) to base 16
1f
What is 0 (base 12) in base 13?
0
26 (base 11) to base 9
31
Convert -110011 (base 2) to base 10.
-51
What is 2